{"id":3343,"date":"2024-10-01T11:26:12","date_gmt":"2024-10-01T09:26:12","guid":{"rendered":"https:\/\/embsk.com\/stranka\/wladimir-gruender\/"},"modified":"2025-01-21T11:14:59","modified_gmt":"2025-01-21T10:14:59","slug":"wladimir-gruender","status":"publish","type":"manifesto_portfolio","link":"https:\/\/embsk.com\/de\/stranka\/wladimir-gruender\/","title":{"rendered":"Wladimir &#8211; Gr\u00fcnder"},"content":{"rendered":"\n<div class=\"wp-block-manifesto-gutenberg-container content-row dark-section small row_padding_top\" data-bgcolor=\"#000000\" style=\"text-align:left\">\n<h1 class=\"wp-block-heading\">Gr\u00fcnder des Unternehmens<\/h1>\n\n\n\n<h4 class=\"wp-block-heading\">DANK WLADIMIR KANN UNSER UNTERNEHMEN AUF EINE MEHR ALS 30-J\u00c4HRIGE GESCHICHTE ZUR\u00dcCKBLICKEN<\/h4>\n\n\n\n<p class=\"has-opacity\">Vor drei Jahrzehnten beschloss Vladim\u00edr Bajan\u00edk, in das Gesch\u00e4ft einzusteigen, das ihn schon in jungen Jahren anzog. Als gelernter Elektriker blieb er in diesem Bereich und begann 1990, seine Elektroinstallationsdienste auf der Grundlage eines Gewerbescheins anzubieten. Anschlie\u00dfend gr\u00fcndete er 2013 EMB-SK.  <\/p>\n\n\n\n<p class=\"has-opacity\">Mehr als 30 Jahre erfolgreiche T\u00e4tigkeit in dem Segment sprechen eine deutliche Sprache daf\u00fcr, dass er sich mit seinem Unternehmen in der Region auch unter harter Konkurrenz einen Namen machen konnte.<\/p>\n<\/div>\n\n<p><\/p>\n","protected":false},"template":"","portfolio_category":[46],"class_list":["post-3343","manifesto_portfolio","type-manifesto_portfolio","status-publish","hentry","portfolio_category-gesichter-der-emb-sk"],"_links":{"self":[{"href":"https:\/\/embsk.com\/de\/wp-json\/wp\/v2\/manifesto_portfolio\/3343","targetHints":{"allow":["GET"]}}],"collection":[{"href":"https:\/\/embsk.com\/de\/wp-json\/wp\/v2\/manifesto_portfolio"}],"about":[{"href":"https:\/\/embsk.com\/de\/wp-json\/wp\/v2\/types\/manifesto_portfolio"}],"version-history":[{"count":1,"href":"https:\/\/embsk.com\/de\/wp-json\/wp\/v2\/manifesto_portfolio\/3343\/revisions"}],"predecessor-version":[{"id":3344,"href":"https:\/\/embsk.com\/de\/wp-json\/wp\/v2\/manifesto_portfolio\/3343\/revisions\/3344"}],"wp:attachment":[{"href":"https:\/\/embsk.com\/de\/wp-json\/wp\/v2\/media?parent=3343"}],"wp:term":[{"taxonomy":"portfolio_category","embeddable":true,"href":"https:\/\/embsk.com\/de\/wp-json\/wp\/v2\/portfolio_category?post=3343"}],"curies":[{"name":"wp","href":"https:\/\/api.w.org\/{rel}","templated":true}]}}

Wladimir &#8211; Gründer

<div class="wp-block-manifesto-gutenberg-container content-row dark-section small row_padding_top" data-bgcolor="#000000" style="text-align:left">
<h1 class="wp-block-heading">Gründer des Unternehmens</h1>



<h4 class="wp-block-heading">DANK WLADIMIR KANN UNSER UNTERNEHMEN AUF EINE MEHR ALS 30-JÄHRIGE GESCHICHTE ZURÜCKBLICKEN</h4>



<p class="has-opacity">Vor drei Jahrzehnten beschloss Vladimír Bajaník, in das Geschäft einzusteigen, das ihn schon in jungen Jahren anzog. Als gelernter Elektriker blieb er in diesem Bereich und begann 1990, seine Elektroinstallationsdienste auf der Grundlage eines Gewerbescheins anzubieten. Anschließend gründete er 2013 EMB-SK.  </p>



<p class="has-opacity">Mehr als 30 Jahre erfolgreiche Tätigkeit in dem Segment sprechen eine deutliche Sprache dafür, dass er sich mit seinem Unternehmen in der Region auch unter harter Konkurrenz einen Namen machen konnte.</p>
</div>

<p></p>
